{"id":38,"date":"2025-03-01T00:57:21","date_gmt":"2025-03-01T00:57:21","guid":{"rendered":"https:\/\/xavitanyaserveisintegrals.com\/?page_id=38"},"modified":"2025-03-03T18:22:07","modified_gmt":"2025-03-03T18:22:07","slug":"declaracio-daccessibilitat","status":"publish","type":"page","link":"https:\/\/xavitanyaserveisintegrals.com\/es\/declaracio-daccessibilitat\/","title":{"rendered":"Declaraci\u00f3n de Accesibilidad"},"content":{"rendered":"<div data-elementor-type=\"wp-page\" data-elementor-id=\"38\" class=\"elementor elementor-38\" data-elementor-post-type=\"page\">\n\t\t\t\t<div class=\"elementor-element elementor-element-2e435b9b e-flex e-con-boxed e-con e-parent\" data-id=\"2e435b9b\" data-element_type=\"container\">\n\t\t\t\t\t<div class=\"e-con-inner\">\n\t\t\t\t<div class=\"elementor-element elementor-element-4c4dd91f elementor-widget elementor-widget-text-editor\" data-id=\"4c4dd91f\" data-element_type=\"widget\" data-widget_type=\"text-editor.default\">\n\t\t\t\t\t\t\t\t\t\n<p><em>Xavi Tany\u00e0 Servicios Integrales<\/em> se ha comprometido a hacer accesible su sitio web, con arreglo al Real Decreto 1112\/2018, de 7 de septiembre, sobre accesibilidad de los sitios web y aplicaciones para dispositivos m\u00f3viles del sector p\u00fablico. Esta declaraci\u00f3n de accesibilidad se aplica a esta web.<\/p>\n\n\n\n<h3 class=\"wp-block-heading\">Situaci\u00f3n de cumplimiento<\/h3>\n\n\n\n<p>Este sitio web est\u00e1 desarrollado seg\u00fan el RD 1112\/2018.<\/p>\n\n\n\n<h3 class=\"wp-block-heading\">Preparaci\u00f3n para la siguiente declaraci\u00f3n de accesibilidad<\/h3>\n\n\n\n<p>Esta declaraci\u00f3n fue preparada el 20 de abril de 2023. El m\u00e9todo empleado para preparar la declaraci\u00f3n ha sido una autoevaluaci\u00f3n.<\/p>\n\n\n\n<h3 class=\"wp-block-heading\">Observaciones y datos de contacto<\/h3>\n\n\n\n<p>Puede realizar comunicaciones sobre requisitos de accesibilidad (art\u00edculo 10.2.a del RD 1112\/2018) tales como:<\/p>\n\n\n\n<ul class=\"wp-block-list\">\n<li>Informar sobre cualquier posible incumplimiento por parte de este sitio web.<\/li>\n\n\n\n<li>Transmitir otras dificultades de acceso al contenido.<\/li>\n\n\n\n<li>Formular cualquier otra consulta o sugerencia de mejora relativa a la accesibilidad del sitio web a trav\u00e9s del formulario de contacto de este sitio web oa trav\u00e9s del n\u00famero de tel\u00e9fono.<\/li>\n<\/ul>\n\n\n\n<p>Puede presentar:<\/p>\n\n\n\n<ul class=\"wp-block-list\">\n<li>Queja relativa al cumplimiento de los requisitos del RD 1112\/2018.<\/li>\n\n\n\n<li>Solicitud de informaci\u00f3n accesible relativa a:\n<ul class=\"wp-block-list\">\n<li>Contenidos que est\u00e1n excluidos del \u00e1mbito de aplicaci\u00f3n del RD 1112\/2018 seg\u00fan lo que establece el art\u00edculo 3, apartado 4.<\/li>\n\n\n\n<li>Contenidos que est\u00e1n exentos del cumplimiento de los requisitos de accesibilidad para imponer carga desproporcionada.<\/li>\n<\/ul>\n<\/li>\n<\/ul>\n\n\n\n<p>En la solicitud de informaci\u00f3n accesible, se concretar\u00e1n, con toda claridad, los hechos, razones y petici\u00f3n que permitan constatar que se trata de una solicitud razonable y leg\u00edtima.<\/p>\n\n\n\n<p>Las quejas y reclamaciones sobre informaci\u00f3n accesible se realizar\u00e1n a trav\u00e9s de la sede electr\u00f3nica (<a href=\"https:\/\/sede.red.gob.es\/procedimientos\/quejas-y-sugerencias\">https:\/\/sede.red.gob.es\/procedimientos\/quejas-y-sugerencias<\/a>) y ser\u00e1n recibidas y tratadas por el \u00e1rea de Sistemas de la Informaci\u00f3n de Red.es.<\/p>\n\n\n\n<h3 class=\"wp-block-heading\">Contenido opcional<\/h3>\n\n\n\n<p>Si desea cambiar el tama\u00f1o de la letra del texto en los principales navegadores gr\u00e1ficos, utilice los siguientes men\u00fas:<\/p>\n\n\n\n<ul class=\"wp-block-list\">\n<li><strong>Safari<\/strong>: Visualizaci\u00f3n &gt; Hacer el texto m\u00e1s grande<\/li>\n\n\n\n<li><strong>Chrome<\/strong>: Controla la p\u00e1gina actual &gt; Tama\u00f1o del texto<\/li>\n<\/ul>\n\n\n\n<p>Para modificar el tama\u00f1o de todo en la p\u00e1gina:<\/p>\n\n\n\n<ul class=\"wp-block-list\">\n<li><strong>Ctrl++<\/strong>\u00a0para aumentarlo<\/li>\n\n\n\n<li><strong>Ctrl + \u2013<\/strong>\u00a0para disminuirlo<\/li>\n\n\n\n<li><strong>Ctrl+0<\/strong>\u00a0restaura el tama\u00f1o original del texto<\/li>\n<\/ul>\n\n\n\n<p>Si lo que desea es anular la hoja de estilos o modificar el color del texto, puede consultar la p\u00e1gina&nbsp;<em>How to Change Text Size o Colores<\/em>&nbsp;de la WAI, que se puede leer traducida al castellano en&nbsp;<em>\u00bfC\u00f3mo cambiar el tama\u00f1o del texto o colores?<\/em><\/p>\n\t\t\t\t\t\t\t\t<\/div>\n\t\t\t\t\t<\/div>\n\t\t\t\t<\/div>\n\t\t\t\t<\/div>","protected":false},"excerpt":{"rendered":"<p>Xavi Tany\u00e0 Serveis Integrals se ha comprometido a hacer accesible su sitio web, de acuerdo con el Real decreto 1112\/2018, de 7 de septiembre, sobre accesibilidad de los sitios web y aplicaciones para dispositivos m\u00f3viles del sector p\u00fablico. Esta declaraci\u00f3n de accesibilidad se aplica a esta web. Situaci\u00f3n de cumplimiento Este sitio web est\u00e1 desarrollado seg\u00fan el RD [\u2026]<\/p>","protected":false},"author":2,"featured_media":0,"parent":0,"menu_order":0,"comment_status":"closed","ping_status":"closed","template":"","meta":{"footnotes":""},"class_list":["post-38","page","type-page","status-publish","hentry"],"_links":{"self":[{"href":"https:\/\/xavitanyaserveisintegrals.com\/es\/wp-json\/wp\/v2\/pages\/38","targetHints":{"allow":["GET"]}}],"collection":[{"href":"https:\/\/xavitanyaserveisintegrals.com\/es\/wp-json\/wp\/v2\/pages"}],"about":[{"href":"https:\/\/xavitanyaserveisintegrals.com\/es\/wp-json\/wp\/v2\/types\/page"}],"author":[{"embeddable":true,"href":"https:\/\/xavitanyaserveisintegrals.com\/es\/wp-json\/wp\/v2\/users\/2"}],"replies":[{"embeddable":true,"href":"https:\/\/xavitanyaserveisintegrals.com\/es\/wp-json\/wp\/v2\/comments?post=38"}],"version-history":[{"count":6,"href":"https:\/\/xavitanyaserveisintegrals.com\/es\/wp-json\/wp\/v2\/pages\/38\/revisions"}],"predecessor-version":[{"id":454,"href":"https:\/\/xavitanyaserveisintegrals.com\/es\/wp-json\/wp\/v2\/pages\/38\/revisions\/454"}],"wp:attachment":[{"href":"https:\/\/xavitanyaserveisintegrals.com\/es\/wp-json\/wp\/v2\/media?parent=38"}],"curies":[{"name":"wp","href":"https:\/\/api.w.org\/{rel}","templated":true}]}}

Declaración de Accesibilidad

<div data-elementor-type="wp-page" data-elementor-id="38" class="elementor elementor-38" data-elementor-post-type="page">
				<div class="elementor-element elementor-element-2e435b9b e-flex e-con-boxed e-con e-parent" data-id="2e435b9b" data-element_type="container">
					<div class="e-con-inner">
				<div class="elementor-element elementor-element-4c4dd91f elementor-widget elementor-widget-text-editor" data-id="4c4dd91f" data-element_type="widget" data-widget_type="text-editor.default">
									
<p><em>Xavi Tanyà Servicios Integrales</em> se ha comprometido a hacer accesible su sitio web, con arreglo al Real Decreto 1112/2018, de 7 de septiembre, sobre accesibilidad de los sitios web y aplicaciones para dispositivos móviles del sector público. Esta declaración de accesibilidad se aplica a esta web.</p>



<h3 class="wp-block-heading">Situación de cumplimiento</h3>



<p>Este sitio web está desarrollado según el RD 1112/2018.</p>



<h3 class="wp-block-heading">Preparación para la siguiente declaración de accesibilidad</h3>



<p>Esta declaración fue preparada el 20 de abril de 2023. El método empleado para preparar la declaración ha sido una autoevaluación.</p>



<h3 class="wp-block-heading">Observaciones y datos de contacto</h3>



<p>Puede realizar comunicaciones sobre requisitos de accesibilidad (artículo 10.2.a del RD 1112/2018) tales como:</p>



<ul class="wp-block-list">
<li>Informar sobre cualquier posible incumplimiento por parte de este sitio web.</li>



<li>Transmitir otras dificultades de acceso al contenido.</li>



<li>Formular cualquier otra consulta o sugerencia de mejora relativa a la accesibilidad del sitio web a través del formulario de contacto de este sitio web oa través del número de teléfono.</li>
</ul>



<p>Puede presentar:</p>



<ul class="wp-block-list">
<li>Queja relativa al cumplimiento de los requisitos del RD 1112/2018.</li>



<li>Solicitud de información accesible relativa a:
<ul class="wp-block-list">
<li>Contenidos que están excluidos del ámbito de aplicación del RD 1112/2018 según lo que establece el artículo 3, apartado 4.</li>



<li>Contenidos que están exentos del cumplimiento de los requisitos de accesibilidad para imponer carga desproporcionada.</li>
</ul>
</li>
</ul>



<p>En la solicitud de información accesible, se concretarán, con toda claridad, los hechos, razones y petición que permitan constatar que se trata de una solicitud razonable y legítima.</p>



<p>Las quejas y reclamaciones sobre información accesible se realizarán a través de la sede electrónica (<a href="https://sede.red.gob.es/procedimientos/quejas-y-sugerencias">https://sede.red.gob.es/procedimientos/quejas-y-sugerencias</a>) y serán recibidas y tratadas por el área de Sistemas de la Información de Red.es.</p>



<h3 class="wp-block-heading">Contenido opcional</h3>



<p>Si desea cambiar el tamaño de la letra del texto en los principales navegadores gráficos, utilice los siguientes menús:</p>



<ul class="wp-block-list">
<li><strong>Safari</strong>: Visualización &gt; Hacer el texto más grande</li>



<li><strong>Chrome</strong>: Controla la página actual &gt; Tamaño del texto</li>
</ul>



<p>Para modificar el tamaño de todo en la página:</p>



<ul class="wp-block-list">
<li><strong>Ctrl++</strong> para aumentarlo</li>



<li><strong>Ctrl + –</strong> para disminuirlo</li>



<li><strong>Ctrl+0</strong> restaura el tamaño original del texto</li>
</ul>



<p>Si lo que desea es anular la hoja de estilos o modificar el color del texto, puede consultar la página&nbsp;<em>How to Change Text Size o Colores</em>&nbsp;de la WAI, que se puede leer traducida al castellano en&nbsp;<em>¿Cómo cambiar el tamaño del texto o colores?</em></p>
								</div>
					</div>
				</div>
				</div>

<p>Xavi Tanyà Serveis Integrals se ha comprometido a hacer accesible su sitio web, de acuerdo con el Real decreto 1112/2018, de 7 de septiembre, sobre accesibilidad de los sitios web y aplicaciones para dispositivos móviles del sector público. Esta declaración de accesibilidad se aplica a esta web. Situación de cumplimiento Este sitio web está desarrollado según el RD […]</p>
